 is 203 - 54b2?
-52ad
In base 16, what is 0 - 79f8e8?
-79f8e8
In base 12, what is 0 - 89416387?
-89416387
In base 4, what is -32103021 - 21011?
-32130032
In base 6, what is -1 - 215310401?
-215310402
In base 8, what is 2 + -32411007?
-32411005
In base 7, what is -12454 + -6026?
-21513
In base 15, what is -c19 - -270d?
19e4
In base 7, what is 4 + -236245146?
-236245142
In base 6, what is -4 + -10321035113?
-10321035121
In base 14, what is 6d81cc - -9?
6d81d7
In base 15, what is -1 + -63d5c8?
-63d5c9
In base 5, what is 10304403 + 2300?
10312203
In base 9, what is 78857 + -177?
78670
In base 12, what is 25 - -444a2?
44507
In base 14, what is -69a60879 - 5?
-69a60880
In base 12, what is 64 + -2b9142a?
-2b91386
In base 4, what is -23213013 - -20110?
-23132303
In base 8, what is 400557327 + 3?
400557332
In base 7, what is 643 - -4341310?
4342253
In base 15, what is -5 + 10eecd?
10eec8
In base 11, what is 2 + 2a400394?
2a400396
In base 5, what is -113 - -11012230?
11012112
In base 14, what is -7525ba + -17?
-7525d3
In base 12, what is 1a + -152072?
-152054
In base 4, what is 11 + -100012031223?
-100012031212
In base 16, what is b2dfef + -4?
b2dfeb
In base 14, what is 1c999 + 481?
1d03a
In base 4, what is -1132 - 13131130?
-13132322
In base 7, what is 2 + -463466242?
-463466240
In base 16, what is 1ea - -6b656?
6b840
In base 5, what is -404021412 + 312?
-404021100
In base 13, what is 123 + 1a4080?
1a41a3
In base 14, what is -7623 - -35?
-75cc
In base 5, what is -101224311 - -31?
-101224230
In base 12, what is 330a89b - 0?
330a89b
In base 9, what is -6166 - 1038?
-7215
In base 5, what is -12043 - 104043004?
-104110102
In base 16, what is -2cd + 1edb7?
1eaea
In base 6, what is 440 + -200?
240
In base 14, what is 1a4b2 - 8?
1a4a8
In base 4, what is 11 - 13011033312?
-13011033301
In base 3, what is -1111000112100 - -1122?
-1111000110201
In base 14, what is 17 + -33b302?
-33b2c9
In base 4, what is -13101302103212 - 1?
-13101302103213
In base 16, what is 6dd756 + -3?
6dd753
In base 10, what is -619122 + 0?
-619122
In base 10, what is 14171989 - -2?
14171991
In base 14, what is 47562 - 3346?
4421a
In base 4, what is -1131231301212 - -3?
-1131231301203
In base 14, what is -9bc - 574a?
-6328
In base 7, what is 20 + -2150653?
-2150633
In base 6, what is -2 - -42422100?
42422054
In base 15, what is adb68 + -324?
ad844
In base 12, what is 16323 - -53?
16376
In base 12, what is -11 - -358518?
358507
In base 10, what is 577 + -30604?
-30027
In base 7, what is 3 + -131103602?
-131103566
In base 8, what is 72021 + -737?
71062
In base 15, what is 600 + -93a?
-33a
In base 3, what is -2001202 + -1012120?
-10021022
In base 15, what is -17073 + -113?
-17186
In base 10, what is 5 - -27947444?
27947449
In base 11, what is 112a8 + -1592?
a816
In base 15, what is 46b554 - -1e?
46b573
In base 13, what is -6 + -808819?
-808822
In base 2, what is 101010110 + 11001000101010001110?
11001000101111100100
In base 7, what is 1552 - -563216?
565101
In base 11, what is -293551 - -24?
-293528
In base 5, what is 1 - 1113141104?
-1113141103
In base 11, what is 14a51 - -282?
15223
In base 7, what is 650161 + -2?
650156
In base 9, what is 2382766 + -7?
2382758
In base 6, what is 31 + -1042352?
-1042321
In base 5, what is -2 + 10220211002?
10220211000
In base 9, what is -2 + 4668130?
4668127
In base 9, what is -351 + -6383?
-6744
In base 2, what is 1100000001 - 11100001001101?
-11010101001100
In base 5, what is -11214 - 1001400?
-1013114
In base 2, what is 1001101110100111 + -1000010111011?
1000101011101100
In base 12, what is a34 - -24b77?
259ab
In base 10, what is -5436 - 401?
-5837
In base 7, what is 2 - -1542620152?
1542620154
In base 5, what is -3310 + -200022?
-203332
In base 15, what is -6c6 - d3da?
-dab1
In base 8, what is 0 + 10051475?
10051475
In base 7, what is 1310310155 + -4?
1310310151
In base 3, what is -222110 + 101211222?
100212112
In base 15, what is -71475 + -74a?
-71bc0
In base 2, what is 111100100011111 + -1010111?
111100011001000
In base 9, what is 564240 - -30?
564270
In base 5, what is -224 - -131323310?
131323031
In base 8, what is 7 + -5563701?
-5563672
In base 2, what is -111 - -111111010100000011101?
111111010100000010110
In base 6, what is -13520 + -3512?
-21432
In base 16, what is 703a2642 - 5?
703a263d
In base 7, what is 255566336 + -2?
255566334
In base 3, what is -222010 + -2000222210102?
-2001000202112
In base 2, what is -11101101010 - -100001000011001?
11101010101111
In base 3, what is 2110 + 101201121011012?
101201121020122
In base 10, what is 10 - 988690?
-988680
In base 8, what is 3 - 417003623?
-417003620
In base 12, what is -50b1081 - 58?
-50b1119
In base 15, what is 11a0d - 22a?
117d3
In base 14, what is c74 - 6da1?
-612b
In base 11, what is -587 - 649?
-1125
In base 3, what is 1100211 + 100102112011?
100110212222
In base 11, what is -4 - 4364302?
-4364306
In base 9, what is -3 - 280561?
-280564
In base 9, what is -65082 + -24?
-65116
In base 6, what is 4510214 + 231?
4510445
In base 14, what is -6951b67 + 5?
-6951b62
In base 16, what is 20404 - 5?
203ff
In base 16, what is 24 - aaede?
-aaeba
In base 16, what is 77e42 - -a1?
77ee3
In base 13, what is -7254 - 101c7?
-1744b
In base 14, what is d + -1a9bc3?
-1a9bb4
In base 6, what is -12253004 + -10?
-12253014
In base 9, what is -5543 + -3443?
-10086
In base 11, what is 8261 - -36?
8297
In base 14, what is -73 - 1665ac?
-166641
In base 2, what is -11110111000101010011 - -1101?
-11110111000101000110
In base 14, what is 815cc - -35?
81623
In base 4, what is -202 - -300123323?
300123121
In base 12, what is 238662700 + 4?
238662704
In base 6, what is -3 - -2030114235?
2030114232
In base 4, what is 0 + 2133021302322?
2133021302322
In base 12, what is 28 + -2586661?
-2586635
In base 4, what is 3 - -1020031201?
1020031210
In base 4, what is 23102211031323 + 11?
23102211032000
In base 5, what is 120243044 + 434?
120244033
In base 9, what is 1210161 + 5?
1210166
In base 15, what is c9 - 467c?
-45a3
In base 15, what is 41103e + 0?
41103e
In base 13, what is 26 + 492357?
492380
In base 13, what is -255 - 5313a?
-53392
In base 8, what is -77 + -16332652?
-16332751
In base 7, what is -420052030 - 0?
-420052030
In base 8, what is 212261502 - -2?
212261504
In base 5, what is 423 - -3121444?
3122422
In base 12, what is 2161a1 + -65?
216138
In base 2, what is -101000010100110 + 111101011100?
-100000101001010
In base 11, what is 40a07240 - -5?
40a07245
In base 12, what is b + -757795?
-757786
In base 6, what is -2 - -150412521?
150412515
In base 6, what is 2001400104 - -2?
2001400110
In base 10, what is 6 + -29800857?
-29800851
In base 15, what is -4 + -7d1610a?
-7d1610e
In base 15, what is 209 + 8ec8e?
8ee98
In base 15, what is -10ecc - 251?
-1122d
In base 2, what is 10010000001110100010 - -11001?
10010000001110111011
In base 5, what is -4403 - 13404?
-23312
In base 16, what is 9553 - -1f2?
9745
In base 5, what is -3 + -114104204120?
-114104204123
In base 10, what is -5 - 470427531?
-470427536
In base 8, what is -2 + -3005643?
-3005645
In base 16, what is 2 - -259e76?
259e78
In base 10, what is -249 + -46399?
-46648
In base 4, what is 11033 - 100100111?
-100023012
In base 11, what is -69852891 - 5?
-69852896
In base 7, what is -22 + -1440400536?
-1440400561
In base 8, what is -1 + 76135214?
76135213
In base 4, what is -30100331021103 + -1?
-30100331021110
In base 13, what is 717580c0 + 4?
717580c4
In base 6, what is 5 + 13023523145?
13023523154
In base 16, what is 1c3ecc16 - -2?
1c3ecc18
In base 4, what is 1 + -21102210101?
-21102210100
In base 9, what is -2171061 + -10?
-2171071
In base 5, what is 10244002443 + 20?
10244003013
In base 5, what is -1214440121133 - 2?
-1214440121140
In base 4, what is -12 - -131313101002?
131313100330
In base 5, what is -1214140 + -224?
-1214414
In base 12, what is 20038054 - 13?
20038041
In base 7, what is -1120341 - -4?
-1120334
In base 14, what is -15c + 217d?
2021
In base 10, what is 49 - -1502249?
1502298
In base 15, what is -c3b562 - 7?
-c3b569
In base 7, what is 1 - 2526654265?
-2526654264
In base 8, what is 575025567 + 1?
575025570
In base 9, what is 0 - -6466713?
6466713
In base 8, what is 4 - 55461244?
-55461240
In base 7, what is 154 - -3645346?
3645533
In base 6, what is 41